{"id":3,"date":"2023-04-19T09:39:01","date_gmt":"2023-04-19T07:39:01","guid":{"rendered":"http:\/\/172.16.100.4\/?page_id=3"},"modified":"2024-01-07T18:15:46","modified_gmt":"2024-01-07T17:15:46","slug":"politique-de-confidentialite","status":"publish","type":"page","link":"https:\/\/teleiosinstitut.org\/index.php\/politique-de-confidentialite\/","title":{"rendered":"Politique de confidentialit\u00e9"},"content":{"rendered":"\t\t<div data-elementor-type=\"wp-page\" data-elementor-id=\"3\" class=\"elementor elementor-3\">\n\t\t\t\t\t\t<section class=\"elementor-section elementor-top-section elementor-element elementor-element-7dcc446d elementor-section-height-min-height elementor-section-boxed elementor-section-height-default elementor-section-items-middle\" data-id=\"7dcc446d\" data-element_type=\"section\" data-settings=\"{&quot;background_background&quot;:&quot;classic&quot;}\">\n\t\t\t\t\t\t<div class=\"elementor-container elementor-column-gap-default\">\n\t\t\t\t\t<div class=\"elementor-column elementor-col-100 elementor-top-column elementor-element elementor-element-1b89aae7\" data-id=\"1b89aae7\" data-element_type=\"column\">\n\t\t\t<div class=\"elementor-widget-wrap elementor-element-populated\">\n\t\t\t\t\t\t<div class=\"elementor-element elementor-element-d324cb6 elementor-widget__width-inherit elementor-widget elementor-widget-image\" data-id=\"d324cb6\" data-element_type=\"widget\" data-widget_type=\"image.default\">\n\t\t\t\t<div class=\"elementor-widget-container\">\n\t\t\t\t\t\t\t\t\t\t\t\t\t\t\t\t<a href=\"https:\/\/teleiosinstitut.org\/\">\n\t\t\t\t\t\t\t<img fetchpriority=\"high\" decoding=\"async\" width=\"300\" height=\"284\" src=\"https:\/\/teleiosinstitut.org\/wp-content\/uploads\/2023\/05\/Logo-V2_SUBMARK_SUBMARK-e1684343984799-300x284.png\" class=\"attachment-medium size-medium wp-image-404\" alt=\"\" srcset=\"https:\/\/teleiosinstitut.org\/wp-content\/uploads\/2023\/05\/Logo-V2_SUBMARK_SUBMARK-e1684343984799-300x284.png 300w, https:\/\/teleiosinstitut.org\/wp-content\/uploads\/2023\/05\/Logo-V2_SUBMARK_SUBMARK-e1684343984799.png 512w\" sizes=\"(max-width: 300px) 100vw, 300px\" \/>\t\t\t\t\t\t\t\t<\/a>\n\t\t\t\t\t\t\t\t\t\t\t\t\t\t\t<\/div>\n\t\t\t\t<\/div>\n\t\t\t\t<div class=\"elementor-element elementor-element-1928186 elementor-widget elementor-widget-heading\" data-id=\"1928186\" data-element_type=\"widget\" data-widget_type=\"heading.default\">\n\t\t\t\t<div class=\"elementor-widget-container\">\n\t\t\t\t\t<h1 class=\"elementor-heading-title elementor-size-default\">Politique de Confidentialit\u00e9<\/h1>\t\t\t\t<\/div>\n\t\t\t\t<\/div>\n\t\t\t\t<div class=\"elementor-element elementor-element-2ab7b82d elementor-widget elementor-widget-text-editor\" data-id=\"2ab7b82d\" data-element_type=\"widget\" data-widget_type=\"text-editor.default\">\n\t\t\t\t<div class=\"elementor-widget-container\">\n\t\t\t\t\t\t\t\t\t<p><\/p>\n<h2 class=\"wp-block-heading\"><br><\/h2>\n<h2 class=\"wp-block-heading\">Qui sommes-nous&nbsp;?<\/h2>\n<p><\/p>\n<p><\/p>\n<p><b>TELEIOS Institut. Institut de formation au minist\u00e8re.&nbsp;<\/b><\/p>\n<p>4 rue du Marquis de Raies &#8211; 91080 Evry-Courcouronnes (France)&nbsp;<\/p>\n<p>L\u2019adresse de notre site est&nbsp;: http:\/\/teleiosinstitut.org<\/p>\n<p><br><\/p>\n<p><\/p>\n<p><\/p>\n<p><\/p>\n<p><\/p>\n<h2 class=\"wp-block-heading\">Utilisation et transmission de vos donn\u00e9es personnelles<\/h2>\n<p><\/p>\n<p><\/p>\n<pre class=\"wp-block-preformatted\">Les informations recueillies sur ce formulaire sont enregistr\u00e9es dans un fichier informatis\u00e9 par l'\u00e9quipe p\u00e9dagogique et administrative de Teleios Institut pour constituer la base d'inscrits aux formations. \n\nLes donn\u00e9es collect\u00e9es seront communiqu\u00e9es aux seuls destinataires suivants : Teleios Institut.\nIl est toutefois possible que ces donn\u00e9es soient partag\u00e9es avec les partenaires de l'institut : le CEP Evry-Courcouronnes ou Africa Churches Mission \u00e0 des seules fins d'organisations des formations.\n\nVous pouvez acc\u00e9der aux donn\u00e9es vous concernant, les rectifier, demander leur effacement ou exercer votre droit \u00e0 la limitation du traitement de vos donn\u00e9es. Consultez le site cnil.fr pour plus d\u2019informations sur vos droits.\n\nPour exercer ces droits ou pour toute question sur le traitement de vos donn\u00e9es dans ce dispositif, vous pouvez contacter : Teleios Institut, info@teleiosinstitut.org, 01 60 79 18 37<\/pre>\n<pre class=\"wp-block-preformatted\"><br><\/pre>\n<p><\/p>\n<p><\/p>\n<p><\/p>\t\t\t\t\t\t\t\t<\/div>\n\t\t\t\t<\/div>\n\t\t\t\t\t<\/div>\n\t\t<\/div>\n\t\t\t\t\t<\/div>\n\t\t<\/section>\n\t\t\t\t<\/div>\n\t\t","protected":false},"excerpt":{"rendered":"<p>Politique de Confidentialit\u00e9 Qui sommes-nous&nbsp;? TELEIOS Institut. Institut de formation au minist\u00e8re.&nbsp; 4 rue du Marquis de Raies &#8211; 91080 Evry-Courcouronnes (France)&nbsp; L\u2019adresse de notre site est&nbsp;: http:\/\/teleiosinstitut.org Utilisation et transmission de vos donn\u00e9es personnelles Les informations recueillies sur ce formulaire sont enregistr\u00e9es dans un fichier informatis\u00e9 par l&rsquo;\u00e9quipe p\u00e9dagogique et administrative de Teleios Institut [&hellip;]<\/p>\n","protected":false},"author":1,"featured_media":0,"parent":0,"menu_order":0,"comment_status":"closed","ping_status":"open","template":"elementor_canvas","meta":{"_eb_attr":"","footnotes":""},"class_list":["post-3","page","type-page","status-publish","hentry"],"_links":{"self":[{"href":"https:\/\/teleiosinstitut.org\/index.php\/wp-json\/wp\/v2\/pages\/3","targetHints":{"allow":["GET"]}}],"collection":[{"href":"https:\/\/teleiosinstitut.org\/index.php\/wp-json\/wp\/v2\/pages"}],"about":[{"href":"https:\/\/teleiosinstitut.org\/index.php\/wp-json\/wp\/v2\/types\/page"}],"author":[{"embeddable":true,"href":"https:\/\/teleiosinstitut.org\/index.php\/wp-json\/wp\/v2\/users\/1"}],"replies":[{"embeddable":true,"href":"https:\/\/teleiosinstitut.org\/index.php\/wp-json\/wp\/v2\/comments?post=3"}],"version-history":[{"count":22,"href":"https:\/\/teleiosinstitut.org\/index.php\/wp-json\/wp\/v2\/pages\/3\/revisions"}],"predecessor-version":[{"id":1090,"href":"https:\/\/teleiosinstitut.org\/index.php\/wp-json\/wp\/v2\/pages\/3\/revisions\/1090"}],"wp:attachment":[{"href":"https:\/\/teleiosinstitut.org\/index.php\/wp-json\/wp\/v2\/media?parent=3"}],"curies":[{"name":"wp","href":"https:\/\/api.w.org\/{rel}","templated":true}]}}